887?
8
What is the hundred millions digit of 3160289359?
1
What is the tens digit of 92302397?
9
What is the hundred thousands digit of 1711083160?
0
What is the ten thousands digit of 18967243?
6
What is the millions digit of 2298710082?
8
What is the tens digit of 275695237?
3
What is the hundred thousands digit of 2826497149?
4
What is the ten thousands digit of 495249104?
4
What is the units digit of 310386766?
6
What is the units digit of 414688989?
9
What is the ten thousands digit of 85659358?
5
What is the ten thousands digit of 3324491947?
9
What is the tens digit of 169776680?
8
What is the thousands digit of 107469821?
9
What is the hundred thousands digit of 3229370948?
3
What is the thousands digit of 4312747887?
7
What is the ten thousands digit of 1033741852?
4
What is the tens digit of 826258937?
3
What is the ten millions digit of 1606999819?
0
What is the thousands digit of 2628781354?
1
What is the millions digit of 1235551669?
5
What is the ten thousands digit of 115885501?
8
What is the tens digit of 86647362?
6
What is the tens digit of 1199727076?
7
What is the tens digit of 221293191?
9
What is the hundred millions digit of 129730737?
1
What is the ten thousands digit of 46357988?
5
What is the thousands digit of 3503855003?
5
What is the hundreds digit of 1679054428?
4
What is the ten millions digit of 47321087?
4
What is the hundreds digit of 9430776846?
8
What is the ten millions digit of 1568018106?
6
What is the ten millions digit of 34918567?
3
What is the hundred millions digit of 462608182?
4
What is the hundred millions digit of 595623387?
5
What is the ten thousands digit of 2868088941?
8
What is the ten millions digit of 20913164?
2
What is the tens digit of 23905079?
7
What is the hundred millions digit of 508759900?
5
What is the units digit of 339087835?
5
What is the hundred thousands digit of 11572129?
5
What is the units digit of 229226417?
7
What is the millions digit of 4324306910?
4
What is the ten thousands digit of 49765194?
6
What is the tens digit of 53423030?
3
What is the thousands digit of 58152720?
2
What is the millions digit of 1130270359?
0
What is the hundred millions digit of 478940281?
4
What is the units digit of 650759?
9
What is the units digit of 34989140?
0
What is the hundreds digit of 174372669?
6
What is the units digit of 3819635788?
8
What is the thousands digit of 124082858?
2
What is the millions digit of 5993402421?
3
What is the hundred thousands digit of 22167081?
1
What is the hundred thousands digit of 387568320?
5
What is the ten thousands digit of 264702661?
0
What is the thousands digit of 115940936?
0
What is the hundred thousands digit of 51441832?
4
What is the ten millions digit of 32569896?
3
What is the hundred thousands digit of 42699057?
6
What is the hundred millions digit of 120542197?
1
What is the ten thousands digit of 110617474?
1
What is the tens digit of 357308341?
4
What is the hundred millions digit of 823677214?
8
What is the units digit of 18126631?
1
What is the thousands digit of 18518061?
8
What is the millions digit of 32791460?
2
What is the hundreds digit of 13518291?
2
What is the units digit of 5122897102?
2
What is the ten thousands digit of 68031115?
3
What is the hundreds digit of 164731034?
0
What is the tens digit of 18968554?
5
What is the hundred millions digit of 3048520255?
0
What is the ten thousands digit of 45497370?
9
What is the hundred thousands digit of 59846331?
8
What is the ten thousands digit of 33368526?
6
What is the hundreds digit of 2613633959?
9
What is the tens digit of 61313611?
1
What is the units digit of 647156073?
3
What is the millions digit of 900179624?
0
What is the ten thousands digit of 1338864?
3
What is the units digit of 6931894564?
4
What is the ten thousands digit of 97907833?
0
What is the ten thousands digit of 209028432?
2
What is the ten thousands digit of 2160777608?
7
What is the hundred millions digit of 158314730?
1
What is the ten thousands digit of 42231032?
3
What is the ten millions digit of 52785905?
5
What is the ten thousands digit of 88962929?
6
What is the units digit of 76164899?
9
What is the hundreds digit of 4376793?
7
What is the tens digit of 544325222?
2
What is the ten thousands digit of 677016188?
1
What is the ten thousands digit of 3163062158?
6
What is the thousands digit of 117097459?
7
What is the millions digit of 291206053?
1
What is the units digit of 59567949?
9
What is the millions digit of 996279446?
6
What is the units digit of 951837133?
3
What is the ten millions digit of 111191824?
1
What is the hundreds digit of 88733571?
5
What is the ten thousands digit of 75011277?
1
What is the units digit of 70463301?
1
What is the thousands digit of 529018064?
8
What is the ten thousands digit of 137960859?
6
What is the hundred millions digit of 174528213?
1
What is the hundreds digit of 2182161?
1
What is the units digit of 4401143550?
0
What is the hundred millions digit of 1229553669?
2
What is the ten millions digit of 309746291?
0
What is the hundred thousands digit of 258388993?
3
What is the thousands digit of 143877540?
7
What is the thousands digit of 576830694?
0
What is the ten millions digit of 208708747?
0
What is the ten millions digit of 1797701468?
9
What is the hundred thousands digit of 28334150?
3
What is the millions digit of 185198409?
5
What is the hundreds digit of 142139799?
7
What is the units digit of 1169758320?
0
What is the ten thousands digit of 1556558461?
5
What is the units digit of 487196840?
0
What is the billions digit of 1936910442?
1
What is the hundred millions digit of 2223700289?
2
What is the ten millions digit of 595310724?
9
What is the tens digit of 324279152?
5
What is the hundred millions digit of 214679199?
2
What is the hundreds digit of 116420110?
1
What is the ten millions digit of 637005556?
3
What is the hundreds digit of 509134732?
7
What is the hundred millions digit of 889616345?
8
What is the billions digit of 1060303269?
1
What is the thousands digit of 2024764219?
4
What is the millions digit of 750208129?
0
What is the hundred thousands digit of 2837264019?
2
What is the tens digit of 37270854?
5
What is the ten millions digit of 143899441?
4
What is the tens digit of 190779682?
8
What is the hundred millions digit of 182624227?
1
What is the thousands digit of 115944563?
4
What is the hundred thousands digit of 28466299?
4
What is the tens digit of 28450346?
4
What is the hundred thousands digit of 2319985092?
9
What is the hundred millions digit of 816468235?
8
What is the ten thousands digit of 298192736?
9
What is the units digit of 20141340?
0
What is the hundred thousands digit of 1872885741?
8
What is the millions digit of 69919019?
9
What is the hundreds digit of 1522957416?
4
What is the ten millions digit of 279378059?
7
What is the ten thousands digit of 102084469?
8
What is the hundreds digit of 53239770?
7
What is the ten thousands digit of 152407267?
0
What is the hundred thousands digit of 3815025?
8
What is the hundred thousands digit of 5184349974?
3
What is the units digit of 531027420?
0
What is the thousands digit of 57696431?
6
What is the hundreds digit of 424013479?
4
What is the hundreds digit of 1021999852?
8
What is the thousands digit of 24377717?
7
What is the tens digit of 22522234?
3
What is the millions digit of 7718286311?
8
What is the ten thousands digit of 9545095?
4
What is the tens digit of 67943420?
2
What is the hundreds digit of 18779164?
1
What is the billions digit of 3212636674?
3
What is the hundred thousands digit of 1240795381?
7
What is the tens digit of 150247545?
4
What is the hundred millions digit of 2584639076?
5
What is the units digit of 18636906?
6
What is the tens digit of 17168638?
3
What is the millions digit of 139343002?
9
What is the thousands digit of 7379652123?
2
What is the hundreds digit of 1197549298?
2
What is the hundred thousands digit of 28044021?
0
What is the hundred millions digit of 1013514481?
0
What is the ten millions digit of 157943529?
5
What is the tens digit of 2465992634?
3
What is the tens digit of 52753713?
1
What is the ten millions digit of 1040282547?
4
What is the millions digit of 1000913146?
0
What is the hundred 